(x) = 4*d(x) - 9*j(x). Determine n(15).
-9
Let m(a) = -302*a - 3. Let q(x) = -120*x - 1. Let w(v) = 2*m(v) - 5*q(v). Suppose 4*t + 2 = -3*d, 5*t + 3*d - 5*d + 14 = 0. Calculate w(t).
7
Let l = -17 - 41. Let s be l/145 - 17/(-5). Let x(t) = -1 - 12*t + s*t + 5*t + 3*t. Give x(11).
-12
Let q(s) = s**2 + 11*s + 4. Let r be q(-10). Let k(a) = -193520*a - 3 - 6 + 96755*a + 96758*a. What is k(r)?
33
Let f(j) = -4*j - j**2 - 1 + j**2 + j**2 - 2*j**2. Let r be 6/(-3) + (8/(-10) - (-34)/(-170)). What is f(r)?
2
Let z(u) = -u**3 + 6*u**2 - 5*u + 1. Let y(c) = 9*c**2 + 15*c + 14. Let l be y(-6). Let s = l - 244. What is z(s)?
13
Let f(s) = 6*s**2 - 4*s + 8. Let w(c) = -11*c**2 + 4*c - 16. Let u(n) = 5*f(n) + 3*w(n). Give u(-4).
-24
Let y(q) = -9*q + 59*q**2 - 20*q**2 - 20*q**2 - 14 - 20*q**2. Determine y(-8).
-6
Let d(k) = -2*k + 2. Let t(j) = 37*j**2 - 11*j**2 - 13*j**2 - 12*j**2 - 9*j. Let x be t(9). Suppose -2 - 6 = -3*y - w, x = -4*y + 2*w + 4. Give d(y).
-2
Suppose -5*r + 29 = 2*u, r - 3 = -2*u + 3*u. Suppose 0 = -t - 2, 4 = -6*l + 9*l - u*t. Let j(m) = -m**2 + 2*m + 3. Calculate j(l).
3
Let g(v) = v. Let j(r) = -2*r**2 + 10*r - 5*r - 1 + 3*r**2 - r - 5*r. Suppose -z - 5 + 4 = 0. Let k(a) = z*j(a) - 4*g(a). Calculate k(-2).
3
Let l(z) = -55596 - 16*z + 27634 + 27329. What is l(-40)?
7
Let t = 29 - 568. Let m = 535 + t. Let f(w) = -8*w + 3. What is f(m)?
35
Suppose 0 = -5*c - o - 4 + 11, 2*o + 16 = 5*c. Let u(l) = 16*l**3 + l**2. Calculate u(c).
132
Let h(a) = 2*a**2 - 11*a - 6. Let v(c) = 4*c**2 - 27*c - 12. Let d(m) = -9*h(m) + 4*v(m). Calculate d(1).
-5
Suppose 97 = -54*a - 83 + 18. Let r(c) = -2*c + 4. Let i(o) = -4*o + 7. Let y(w) = 2*i(w) - 5*r(w). Calculate y(a).
-12
Let f(p) = p**3 + p**2 - 6*p + 17 + 14 - 4*p + 9 + 8*p. Calculate f(0).
40
Suppose -2*u + 1 - 59 = -5*h, -u + 13 = h. Suppose -5*f + 4*f = 5, 4*f + h = -q. Suppose -27*i = -25*i + q. Let a(z) = z + 5. Determine a(i).
1
Let a(s) = 11*s**3 + 3*s**2 - 2*s - 8*s**3 - 2*s**3 + 1. Let d be (-3)/2*(-17 - -19). Calculate a(d).
7
Let c(v) = 11*v**3 + 4*v**2 + 24*v + 29. Let u(d) = -15*d**3 - 5*d**2 - 27*d - 36. Let n(m) = -4*c(m) - 3*u(m). Determine n(4).
-20
Let q(p) = 489*p + 11 - 239*p - 29 + 96 - 245*p. Determine q(-17).
-7
Let s be -26*5/10*(-2)/1. Suppose 7*a - 5*a = 5*x + s, -a = 4*x + 13. Let i(m) = -1. Let y(v) = v + 9. Let u(c) = -6*i(c) - y(c). Give u(x).
1
Let n = 2822 + -2834. Let k(u) be the first derivative of u**3/3 + 6*u**2 + 6*u - 1. What is k(n)?
6
Let m be (-4 + 2)*15/12*7/(-70). Let y(o) be the first derivative of -24 + 0*o**3 + 0*o**2 + 0*o + m*o**4. Calculate y(0).
0
Let w = 1760 + -1759. Let f(n) = -5*n**2 - 6*n + 5. Let o(l) = -l**3 + 6*l**2 + 7*l - 6. Let k(m) = -7*f(m) - 6*o(m). Determine k(w).
6
Let k = 69 + -251. Let y = k + 187. Let i(n) = n**3 - 4*n**2 - 4*n - 1. Calculate i(y).
4
Let x(b) = -2*b + 4. Let g be (0 + 2)*3/(-3). Let z be x(g). Suppose 3*m = -5*m - z. Let s(v) = -18*v**2 - 2*v - 1. Determine s(m).
-17
Let x be (324/(-16))/3*-8. Let a be (-18)/x + (-4)/6. Let m(y) = -9*y + 2. Give m(a).
11
Let b(x) = -x**3 + 8*x**2 + 2*x + 12. Suppose -4*z + 3*f + 23 = 0, z - f + 11 = 2*z. What is b(z)?
28
Let z(w) be the second derivative of -13*w**3/2 + 16*w**2 - 1865*w. Determine z(1).
-7
Let n(z) = -9*z - 3*z + 4 - 8*z + 38*z - 26*z. Give n(-1).
12
Let s(q) = 9*q + 2. Let i(o) = -24*o - 26. Let a(t) = 5*t + 5. Let p(m) = 16*a(m) + 3*i(m). Let f(n) = -6*p(n) + 5*s(n). Let k = -1 + 4. Determine f(k).
-11
Let r(h) = 5*h**2 + 20*h + 78. Let l(a) = 7*a**2 + 18*a + 79. Let w(y) = 2*l(y) - 3*r(y). Determine w(-19).
19
Let l(g) = g**3 - g**2 + g - 1. Let i(z) = 647 - 8*z**2 + 2*z**2 - 643 + 6*z. Let m(t) = -i(t) - l(t). Give m(6).
-9
Let c(s) = -2*s + 4. Let m = 239 + -218. Suppose 70 = 11*j - m*j. Determine c(j).
18
Let l(u) = -2 + 4*u + 2*u + u. Let i(p) = -215*p + 59. Let j be i(-5). Let z = -1130 + j. Give l(z).
26
Let b(r) = r**2 + 1. Let v(x) = -x**3 - 3*x**2 - 3*x + 1. Let g(a) = 2*b(a) - v(a). Let u be (-95940)/(-4797) - (-5)/(10/(-48)). Give g(u).
5
Let q(g) = 2*g + 13. Let t(h) = -h - 7. Let f(x) = 3*q(x) + 5*t(x). Let k be (-62200)/140 + (-4)/(-14). Let m = k - -441. Calculate f(m).
1
Let b(t) = -t**3 - t**2 + t + 2. Let c = -1833 + 1830. What is b(c)?
17
Suppose -5*k = 2*q + 11, -2*q + 6*k = 7*k + 7. Let w(g) = 3*g**2 + 9*g + 3. Give w(q).
3
Let h(d) = -2*d + 6. Let p(i) = -i + 3. Let r(m) = 4*h(m) - 9*p(m). Let b(l) = 3*l + 23. Let n be b(9). Let v = 46 - n. Give r(v).
-7
Let q = 15803 - 15803. Let m(w) = -6*w + 45. Give m(q).
45
Let y(h) = -h**2 - 15*h - 18. Let x be y(-14). Let d(o) = 17*o**2 + o + 5. Let n(a) = 7*a**2 + a + 2. Let v(s) = 2*d(s) - 5*n(s). Determine v(x).
-4
Let z(x) be the third derivative of -x**8/6720 - x**7/210 - 3*x**5/40 + 23*x**4/6 - 2*x**2 - 15*x. Let i(f) be the second derivative of z(f). Calculate i(-12).
-9
Let j(s) = s**3 - 6*s**2 + s + 7. Suppose a = -3*a + 3*b + 5, 4*a + 4*b - 12 = 0. Suppose 3*v - 2*w - 12 = 0, a*v + w - 2*w = 9. Calculate j(v).
13
Let c(i) = 7*i**2 + 5*i - 4. Let m = -57 - -61. Let g(x) = -5*x**2 - 5*x + 3. Let l(o) = m*g(o) + 3*c(o). Calculate l(6).
6
Let m(t) = t - 59. Let o be (30 - -3 - (42 + -41)) + -9. Calculate m(o).
-36
Let v(l) = 12*l**2 + 392*l**3 - 1181*l**3 - 14*l + 393*l**3 + 20 + 395*l**3 + 18. Give v(11).
5
Let i(x) = -x**2 + 7*x - 5. Let c be i(5). Suppose r + 19 = c*j, -r - 14 + 4 = -2*j. Let u(s) be the first derivative of s**2/2 - 3*s + 696. Determine u(j).
0
Let m(s) be the third derivative of s**4/6 + 16*s**3 - 3013*s**2. Give m(-29).
-20
Let l(r) = 5*r - 4*r + 3*r - 3 + 7*r - 10*r. Give l(12).
9
Let z(u) = u + u - 1 - u. Suppose 0 = 5*n + w - 31, 0 = -n + 70*w - 71*w + 7. Give z(n).
5
Let f(t) = t**3 + 21*t**2 + 27*t - 13. Let y(a) = -2*a**3 - 43*a**2 - 77*a + 25. Let g(d) = -5*f(d) - 2*y(d). Determine g(-20).
35
Let b(s) = -7*s**2 - 125*s + 25. Let d be b(-18). Suppose 5*n - 60 = -5*o, -3*n + 43 - d = -2*o. Let z(a) = -a**3 + 11*a**2 + 12*a + 12. Determine z(n).
12
Let z = 2602 - 2593. Let x(m) = -m**2 + 11*m - 23. What is x(z)?
-5
Let s(i) = 7*i**3 + 2*i**2 - 1. Suppose -5*y - 474*v = -471*v - 13, 3*v - 3 = 0. What is s(y)?
63
Suppose 3*j + 18 = 3, -n + j = -15. Suppose -3*h - 2*g + n = 0, 2*h - 7*h + 16 = 3*g. Let y(d) = -5*d**2 + 2*d - 1. Calculate y(h).
-17
Let u(d) be the first derivative of 2*d - 2/3*d**3 - 3/2*d**2 - 1. Suppose 0 = -b + 5*v - 13, -259*b + 255*b + 4*v - 4 = 0. What is u(b)?
-12
Let t(y) be the third derivative of y**5/60 + y**4/2 + 3*y**3 + 7*y**2 - 77. Calculate t(-12).
18
Let m(j) be the third derivative of j**6/360 + j**5/60 - 7*j**4/24 - 55*j**3/6 - 66*j**2. Let w(o) be the first derivative of m(o). Determine w(5).
28
Let p(g) = -32 + 27 - 2*g + 6*g + 3*g. Let q(a) = -11*a + 6. Let l(d) = 5*p(d) + 4*q(d). Give l(2).
-19
Let j(c) = -5*c + 1 - 6*c - 5 - 7*c**2 + 1 - 12*c. Let y(u) = 4*u**2 + 16*u + 2. Let b(v) = 5*j(v) + 7*y(v). Give b(-2).
-23
Let j(l) = 4*l - 497728 + 497770 + l. Determine j(-12).
-18
Let d(s) = 25*s + 295. Let y = -11149 - -11137. Determine d(y).
-5
Let b(n) = 16737 + 12*n**2 - 7*n - 2*n - 16742. Let u(l) = 5*l**2 - 3*l - 2. Let i(p) = 2*b(p) - 5*u(p). What is i(-4)?
-4
Let h(i) = 10*i - 20. Suppose 0 = 14*l - 5*g - 61, l + 1 = 4*g + 9. Give h(l).
20
Let v(c) = 6 - 23*c - 14*c + 12 - 17. Give v(1).
-36
Let m(h) = 19 - 34 + 16 + 3*h. Let s(g) = g**3 - 3*g - 12. Let z be s(3). Give m(z).
19
Let o(q) be the second derivative of q**3/3 - 5*q**2/2 - 2829*q. Let c = -37 - -18. Let a = -11 - c. Give o(a).
11
Let d be -10*((-10)/(-1) + -9). Let r(t) = -t**2 - 14*t - 23. Give r(d).
17
Let x(g) = g - 6. Let m be x(5). Let j be (0 + m + 0)*-21. Suppose -22*a = -j*a + 2. Let c(n) = 2*n**3 + 3*n**2. Give c(a).
-4
Let a(m) be the first derivative of m**2/2 - 26*m - 344. Calculate a(6).
-20
Let p = 7189 - 7189. Let o(y) = 16 + 4 + 8 - 5 - y. What is o(p)?
23
Let t(g) = -g + 9. Suppose 10*p - 76 = 14. Suppose -11 - 25 = p*y. Let a be ((-35)/(-10))/((-2)/y)*1. Calculate t(a).
2
Let z be (-2835)/420 + (-3)/(-4). Let m(o) = 21*o**2 - o - 19*o**2 + 6*o + 4*o. Determine m(z).
18
Let t = 162 - 244. Let d = 86 + t. Let j(v) = v - 6. Calculate j(d).
-2
Suppose 3*u + 0*v - 3*v + 39 = 0, -4*u - 51 = -3*v. Let x(p) = p + 7. Let o be x(u). Let y be ((-12)/(-14)